*t + 8. Let y be 1/(1 - (0 + f)). What are the prime factors of (y/3)/((-3)/81)?
3
Let l = 125 - 80. List the prime factors of l.
3, 5
Let v(j) = -j**3 - 3*j**2 - 2*j - 1. Let i be v(-3). Suppose 0 = i*d - d - 52. List the prime factors of d.
13
Suppose 3*w - 36 = -i - 0*i, 64 = 2*i + 4*w. What are the prime factors of i?
2, 3
Suppose -3*b - 3*s + 0*s + 36 = 0, 2*s = 2*b - 4. Suppose -3*r = 2*r. Suppose -b = -x - r. List the prime factors of x.
7
Suppose -h + 3*r = -30, -3*r - 52 = -2*h - r. List the prime factors of h.
2, 3
List the prime factors of (-1)/((-6)/1026) - 5.
2, 83
Suppose 5*o - 270 = -2*n, 4*o = -4*n + 132 + 420. List the prime factors of n.
2, 5, 7
Let s = -13 + 6. Let k be (-5 + 6)/((-1)/s). Suppose f = z - k, -3*z + 3*f - 2*f = -27. What are the prime factors of z?
2, 5
Suppose -5*n = -2*d - 491, -58 + 249 = 2*n + d. List the prime factors of n.
97
Let j = -15 - -7. Let d = j + 19. What are the prime factors of d?
11
Let i(f) = 24*f**2 - 5*f + 9. What are the prime factors of i(2)?
5, 19
Let x(l) = 11*l**2 + 5*l - 9. List the prime factors of x(2).
3, 5
Suppose -5*v = -10*v + 15. Suppose v*s + 2*s - 25 = 0. List the prime factors of s.
5
Suppose 2*b + v = 3*v, 0 = 2*b + 3*v - 5. Let d be (-18)/(-1) + (0 - -1). Suppose -x - 5*a = b, -5*x + a + d = 2*a. What are the prime factors of x?
2
Let b(o) = 2*o**3 + o**2 - o + 1. Let j be b(1). Suppose -h + 15 = j. List the prime factors of h.
2, 3
Let g(b) be the first derivative of 19*b - 1/2*b**2 - 2. What are the prime factors of g(11)?
2
Let h(o) = o**3 + o**2 - o + 11. Let f be h(0). Let m be 233/f - 16/88. Let k = m - 11. What are the prime factors of k?
2, 5
Suppose 0 = -4*p - 3*f + 19, -3*p - 2*p = -f - 19. Suppose 12 = p*b - 0. Suppose 24 = 2*k + 2*o, -3*o + 15 - b = 0. List the prime factors of k.
2
Let p = 5 + -4. What are the prime factors of (p - (-15)/6)*2?
7
Suppose 0 = 8*k - 13*k. Suppose 3*o + 1 - 7 = k. What are the prime factors of o?
2
Let y(k) be the second derivative of -k**5/60 + k**4/2 - 4*k**3/3 + k**2/2 - 2*k. Let v(r) be the first derivative of y(r). What are the prime factors of v(11)?
3
Let u(t) = 19*t - 5*t - 8*t - 7*t. List the prime factors of u(-3).
3
Let g(m) = 7*m**3 - m**2 - m + 7. Let t(y) = 4*y**3 + 4. Let k(r) = -3*g(r) + 5*t(r). Let o be k(3). Suppose -4 = h - o. What are the prime factors of h?
2
Let f(j) = 14*j + 1. Let t be (-2)/4*(-4 - -2). List the prime factors of f(t).
3, 5
Suppose f = 2 + 29. Suppose -t - 5*w = 21, 0*t + 4*t - 3*w = f. Suppose 4 = -t*v + 20. What are the prime factors of v?
2
Let b(n) = 31*n - 28. What are the prime factors of b(7)?
3, 7
Suppose 6*f = -9*f + 930. List the prime factors of f.
2, 31
Let s = -67 + 110. Suppose 5*d + n - 65 = -n, -s = -3*d - 2*n. Let g = d + 1. List the prime factors of g.
2, 3
Let z be 34*(-5)/((-20)/6). Suppose 3*b - 3*v = z, -5 = -b - 4*v + 32. List the prime factors of b.
3, 7
Let h be 4/22 + 365/(-11). Let a = -23 - h. What are the prime factors of a?
2, 5
List the prime factors of (-22)/143 + 886/13.
2, 17
What are the prime factors of ((-2)/10*64)/((-9)/270)?
2, 3
Let t = -6 + 8. Suppose 0*y = 4*y. Suppose t*l = -y*l + 4. What are the prime factors of l?
2
What are the prime factors of 1 + 2 - (-315)/7?
2, 3
Suppose 2 = -4*g + h, -3*h - 1 + 7 = 5*g. Let f = 3 - g. Suppose 0 = -m + 3*m - 4*t - 30, 0 = f*m - t - 35. What are the prime factors of m?
11
Let u(t) = t**3 - 16*t**2 + 18*t + 9. List the prime factors of u(16).
3, 11
List the prime factors of 121/2*2 + -3.
2, 59
Suppose 3*p + 5*m - 297 = 0, -p - 4*m = -8*m - 82. What are the prime factors of p?
2, 47
Let j = -6 - -8. List the prime factors of 14/(j*2/8).
2, 7
Suppose a = -0*h + h + 8, -4*h - 20 = -a. Let t(x) = a - 4 + 3*x + x**2. List the prime factors of t(-5).
2, 5
Let f = 5 + -8. Let k(j) = 6*j + 1. Let a be k(f). What are the prime factors of a/(-3) - 4/(-12)?
2, 3
Suppose -6*n - 2*u = -n - 281, 0 = 4*u + 8. List the prime factors of n.
3, 19
Let m = -70 + 151. What are the prime factors of m?
3
Let m(v) = -4*v + 9. Let k(w) = 1. Let x(r) = -6*k(r) + m(r). List the prime factors of x(-3).
3, 5
Let p(t) = t**2 + 10*t - 9. List the prime factors of p(-13).
2, 3, 5
Let b = 24 + 25. List the prime factors of b.
7
Let g be 2 + (1 + -3 - -3). Let w be 2/3 + 118/g. Suppose -4*h + w = 5*i, -i + 19 = 4*h - h. List the prime factors of i.
2
Suppose u = -0*u + 5. Suppose 3*l - 40 = -4*h, -u*l + 2*h + 162 = 52. List the prime factors of l.
2, 5
Suppose 5*w = -2*l + 15, 6*l - 17 = 3*l - 2*w. What are the prime factors of l?
5
Let h = 13 - -20. What are the prime factors of h?
3, 11
Suppose -17 - 64 = -y - 2*h, 2*y + h - 156 = 0. List the prime factors of y.
7, 11
Let n be 5/10*24/(-2). Let v(z) = 2*z**2 + 9*z + 1. List the prime factors of v(n).
19
Let j = -54 + 109. List the prime factors of j.
5, 11
Let q = 8 + -9. Let c(g) = -16*g. List the prime factors of c(q).
2
Let b(x) be the third derivative of -x**4/8 - x**3/3 - 2*x**2. Let q be b(-6). Suppose 5*f + 12 = 3*d, -5*d + 23 = -2*f - q. What are the prime factors of d?
3
Let v(y) = y**2 - 6*y - 19. List the prime factors of v(22).
3, 37
Let x(w) = 2*w**2 - w + 1. Let u be x(1). Let a = -8 - -13. Suppose s + 20 = -0*s + a*n, -u*s - 2*n = -20. List the prime factors of s.
5
List the prime factors of (-1729)/(-11) + 0 + (-6)/33.
157
Let f = -10 + 14. Let c(o) = o**3 - 5*o**2 + 2*o + 4. Let s be c(5). Suppose -4*b - s = f*q - 70, b - 20 = 5*q. What are the prime factors of b?
3, 5
Suppose -342 = -9*x + 63. What are the prime factors of x?
3, 5
Suppose -5*z + 3*i - 19 = -7, -4*z + 3*i - 12 = 0. Let o be (-3)/(-3) - (-3)/3. Suppose 4*u + 7 - 2 = -5*n, -o*n - 10 = z. What are the prime factors of u?
5
Let t be (-82)/8 - 2/(-8). Let f = t - -3. What are the prime factors of 1/(2/2) - f?
2
Suppose 2*k - 122 = -5*c, 0*c + 5*k = 4*c - 124. Suppose -2*r + c = h, -h + 6*h - 5*r = 100. List the prime factors of h.
2, 11
Suppose 3*y = 5*b - 278, 3*b = -0*b - 5*y + 194. What are the prime factors of b?
2, 29
Let g(l) = -l**3 + 8*l**2 + 8*l + 7. Let d be g(9). Let s(w) = -1 - 3*w - 2*w**2 + w**2 - w**3 - w**2. List the prime factors of s(d).
5
What are the prime factors of (-15 - 291)*(-1)/2?
3, 17
Let m(h) = h**3 - 7*h**2 + 5*h + 3. Let c be m(6). Let n be (c + 53)*(-2)/(-5). Let s = 29 - n. What are the prime factors of s?
3
Let f(j) = -93*j**3 + 2*j**2 + j. List the prime factors of f(-1).
2, 47
Suppose -4*s = -4*l + 84, 3*l + 16 - 69 = s. List the prime factors of l.
2
Suppose 190 = 5*i + 5*o, -3*i + o - 6*o + 110 = 0. List the prime factors of (i/(-6))/((-2)/3).
2, 5
Let s(l) = l**3 - 5*l**2 + 3*l + 4. Let g be s(4). Suppose 4*r - 2*j = 122, g*j - 3*j - 33 = -r. What are the prime factors of r?
2, 3, 5
Suppose 6*v + 21 = 3*v + 3*a, -4*v - a = 3. Let j = 14 - v. Suppose -x = -5*x + j. List the prime factors of x.
2
Let y(a) = -a**3 - 3*a**2. Let v be y(-3). Suppose 5*w = -3*g + 136, v*w - 2*g + 108 = 4*w. What are the prime factors of w?
2, 13
Let j(m) = 13*m - 84. Let d(x) = -3*x + 21. Let h(g) = 9*d(g) + 2*j(g). What are the prime factors of h(12)?
3
Let m(f) = -f**3 + f**2 + 20. Let o be m(0). Let j = 33 - o. List the prime factors of j.
13
Let m = 3 - -317. List the prime factors of m.
2, 5
Let t = 2 + 0. Suppose -24 = -2*h + 3*c, -h + 4*h + 5*c + t = 0. List the prime factors of h.
2, 3
Let w = -1 + 5. Suppose 2*y + y - 4 = -2*t, 2*y - 8 = -4*t. Suppose -w*l + t*p = -3*l - 6, 0 = 2*l + p - 32. List the prime factors of l.
2, 7
Suppose -117 = -5*r + 2*r. List the prime factors of r.
3, 13
Let z be (-1)/(-4) - (-510)/(-24). Let t be -13*2*(-2)/(-4). Let o = t - z. List the prime factors of o.
2
Suppose -5*x - 7 = 2*f, -2*x = f - x - 1. Suppose 5 = f*p - 43. Let o = p + -2. List the prime factors of o.
2, 5
Suppose -g + 11 = 5*j, -3*j - 4*g + 10 = -0*j. Suppose j*l = -0 + 10. Let u = 14 - l. What are the prime factors of u?
3
Let o = -8 + 13. Let c be -2 - -4*(-3)/(-3). Suppose -q - l + o = 0, 0*q + c*l + 17 = q. List the prime factors of q.
3
Let y(f) = -60*f**3 + f**2 + 2*f + 1. Let w be y(-1). Suppose 4*x = -0*x + w. List the prime factors of x.
3, 5
Let y(m) = -m**2 - 13*m - 7. Suppose -a - 4 = w - 0*a, 5*a - 25 = 0. List the prime factors of y(w).
29
Let m(x) be the first derivative 